s i(17)?
8
Let y(j) = -j**2 + 18*j - 47. Calculate y(11).
30
Let y(g) = 25*g - 1116. Give y(43).
-41
Let a(f) = f**3 + 104*f**2 + 132*f + 2947. Give a(-103).
-40
Let s(g) = 192*g + 21076. What is s(-110)?
-44
Let d(t) = 437*t + 3083. Determine d(-7).
24
Let y(t) = -2*t**3 + 15*t**2 + 3*t - 101. What is y(6)?
25
Let k(y) = -5*y - 748. What is k(13)?
-813
Let n(t) = t**3 - 21*t**2 + 57*t + 284. Calculate n(7).
-3
Let k(j) = 8*j**2 + 4*j + 15. Give k(-5).
195
Let o(z) = z + 12. What is o(17)?
29
Let i(f) = -f**3 - 9*f**2 - 388*f - 2209. What is i(-6)?
11
Let l(x) = x**3 - 2*x**2 + 4*x - 593. Calculate l(9).
10
Let r(h) = -262*h - 129956. Calculate r(-496).
-4
Let h(c) = -c**3 + 12*c**2 - c - 17. Determine h(10).
173
Let n(b) = -b**3 + 11*b**2 - 10*b + 11. What is n(10)?
11
Let d(w) = -197*w**2 + 1176*w + 12. Determine d(6).
-24
Let x(l) = 9*l + 23. Determine x(2).
41
Let u(t) = -931*t + 911. Calculate u(1).
-20
Let k(u) = 3*u**2 + 138*u + 224. Calculate k(-44).
-40
Let s(c) = -22*c - 153. Calculate s(-8).
23
Let h(s) = -s**2 - 1571*s - 40175. Give h(-26).
-5
Let r(h) = -354*h - 2649. What is r(-8)?
183
Let n(p) = -2*p**3 + p**2 + 22*p - 7. Calculate n(3).
14
Let v(w) = 2*w**3 - 52*w**2 - 48*w + 1260. Calculate v(26).
12
Let c(o) = -50*o**2 - 764*o - 12. Calculate c(-15).
198
Let n(y) = -y**2 + 19. What is n(-4)?
3
Let b(r) = r**2 + 81*r - 519. Give b(-87).
3
Let v(w) = -w**3 + 71*w**2 - 447*w - 70. Calculate v(64).
-6
Let v(y) = 92*y**3 - 26*y**2 - 25*y + 1. Calculate v(-1).
-92
Let p(d) = d**2 - 3508*d - 17566. Give p(-5).
-1
Let m(p) = 2*p**3 - 9*p**2 + 3*p + 13. Determine m(6).
139
Let x(u) = -2*u - 24. Calculate x(-49).
74
Let v(i) = -125*i - 729. Determine v(-8).
271
Let g(w) = -w**2 + 440*w + 4012. Determine g(-9).
-29
Let r(u) = -u**2 + 64*u + 812. Calculate r(-11).
-13
Let r(p) = -p**2 - 27*p - 55. Give r(-18).
107
Let j(c) = 9*c**2 - 117*c + 294. Calculate j(8).
-66
Let g(y) = -y**3 + 14*y**2 - 13*y. Give g(9).
288
Let j(q) = -4408*q - 22024. What is j(-5)?
16
Let q(c) = -2*c**2 + 60*c - 14. Determine q(27).
148
Let q(h) = -h**3 - 13*h**2 + 30*h + 298. Determine q(-13).
-92
Let h(y) = y**3 - 38*y**2 - 98*y - 9. What is h(41)?
1016
Let h(x) = -5*x**3 - 2*x**2 - 3*x + 9. What is h(-3)?
135
Let b(l) = 98*l - 392. What is b(3)?
-98
Let f(s) = -3*s**3 + 4*s**2 - 13*s + 5. Calculate f(2).
-29
Let v(a) = -36*a + 354. Give v(9).
30
Let y(u) = -u**3 - 100*u**2 - 733*u + 16. Give y(-8).
-8
Let k(q) = -q**3 + 37*q**2 + 316*q + 11. Determine k(-7).
-45
Let f(k) = 33840*k + 372240. Determine f(-11).
0
Let c(g) = g**3 - 119*g**2 - 2312*g - 21. Calculate c(136).
-21
Let f(p) = -2*p**2 + 3*p + 18. Determine f(6).
-36
Let s(k) = -11*k + 66. Give s(-3).
99
Let j(d) = d**3 + 39*d**2 + 40*d - 323. What is j(-38)?
-399
Let v(t) = 99*t**2 + 1784*t + 37. Give v(-18).
1
Let b(c) = -9216*c + 11. Give b(0).
11
Let a(i) = -i**2 - 53*i - 669. Determine a(-28).
31
Let s(v) = 11*v**2 - 38*v - 73. Determine s(-2).
47
Let g(m) = 111*m + 881. Give g(-7).
104
Let j(m) = m**2 + 19*m + 28. Calculate j(-17).
-6
Let s(r) = 95*r + 676. Give s(-7).
11
Let j(f) = f**3 - f**2 + 123*f - 4. What is j(0)?
-4
Let w(c) = 2*c**2 - 25*c + 122. Determine w(6).
44
Let n(c) = -37*c - 7. Give n(-5).
178
Let g(z) = 49*z + 28. Give g(4).
224
Let a(s) = s**2 + 18*s - 760. Determine a(20).
0
Let v(c) = -c**3 - 19*c**2 + 122*c - 134. Determine v(4).
-14
Let h(b) = -981*b - 5964. Calculate h(-6).
-78
Let g(s) = 22*s**2 + 13*s - 50. Give g(3).
187
Let t(z) = 17*z**2 + 85*z - 101. Determine t(-6).
1
Let d(l) = 14*l**3 - 8*l**2 + 2*l + 4. Calculate d(1).
12
Let b(h) = h**2 + 13*h - 5. Calculate b(-15).
25
Let u(k) = -40*k - 746. Calculate u(-19).
14
Let w(d) = -10*d**2 - 37*d - 7. Determine w(-4).
-19
Let y(x) = -2*x**3 + 396*x**2 + 399*x - 244. Give y(199).
-45
Let v(i) = 11*i - 966. Give v(97).
101
Let b(h) = -h**3 + 6*h**2 + 38*h - 131. What is b(3)?
10
Let r(k) = -4*k**3 + 18*k**2 + 5*k - 34. What is r(4)?
18
Let t(s) = s**2 - 77*s + 389. Determine t(72).
29
Let x(z) = 3*z**3 - 38*z**2 - 10*z - 41. What is x(13)?
-2
Let k(u) = -u**3 - 44*u**2 + 47*u + 87. Give k(-45).
-3
Let b(k) = 14*k + 110. Determine b(-29).
-296
Let i(h) = 4*h**2 - 6*h + 16. Calculate i(9).
286
Let m(q) = q**3 + 58*q**2 - 539*q - 2. Give m(8).
-90
Let i(a) = 34*a - 471. Calculate i(12).
-63
Let i(j) = 691*j + 1407. Determine i(-2).
25
Let g(o) = -128*o + 15901. Calculate g(125).
-99
Let v(b) = -2*b**2 - 40*b + 199. Give v(-24).
7
Let x(j) = -21*j**2 + 115*j + 16. What is x(5)?
66
Let c(v) = -856*v - 5129. Determine c(-6).
7
Let h(i) = -972*i + 972. What is h(1)?
0
Let d(k) = 2003*k + 8010. Determine d(-4).
-2
Let q(v) = -5*v**2 - 229*v - 464. What is q(-2)?
-26
Let a(d) = d**2 + 401*d - 12421. Calculate a(29).
49
Let t(p) = -2*p**2 + 19*p + 140. Calculate t(-5).
-5
Let z(l) = -11*l**3 - 61*l**2 - 15*l - 21. Give z(-5).
-96
Let i(v) = -v**3 - 47*v**2 + 43*v - 256. Give i(-48).
-16
Let p(d) = d**2 - 163*d - 1035. Determine p(-6).
-21
Let r(w) = 4*w**3 - 17*w**2 + 22*w - 5. Calculate r(7).
688
Let v(b) = -b**3 + 9*b**2 + 59*b - 508. What is v(7)?
3
Let s(o) = -o**3 - 4*o**2 + 137*o + 553. Determine s(-4).
5
Let o(i) = 2*i**2 - 195*i + 2687. Give o(81).
14
Let h(s) = 3*s**3 + 10*s**2 - 16*s + 2. Determine h(2).
34
Let b(g) = -2*g**2 - 31*g - 87. Calculate b(-4).
5
Let z(y) = 2*y**2 - 114*y + 1207. What is z(13)?
63
Let r(i) = -4*i**2 + 81*i + 65. What is r(16)?
337
Let h(z) = -z**3 + 21*z**2 - 49*z - 62. What is h(8)?
378
Let p(f) = 35*f + 40. Calculate p(-4).
-100
Let n(c) = 1143*c + 2331. Determine n(-2).
45
Let b(w) = -1590*w + 3096. Determine b(2).
-84
Let u(t) = 205*t + 1850. What is u(-9)?
5
Let m(z) = -3*z**2 - 237*z + 29. Calculate m(-79).
29
Let q(t) = -571*t + 1712. Give q(3).
-1
Let n(y) = -y**3 + 5*y**2 + 13*y - 18. What is n(7)?
-25
Let r(i) = -i**2 + 71*i - 501. What is r(9)?
57
Let f(l) = 28*l**2 + 2*l. Determine f(-3).
246
Let y(h) = h**3 + 20*h**2 + 59*h + 55. Determine y(-17).
-81
Let x(r) = 2*r**2 + 102*r - 231. What is x(-53)?
-19
Let k(p) = -54*p**3 - 595*p**2 - 4*p + 2. Give k(-11).
-75
Let a(z) = -613*z + 151408. Calculate a(247).
-3
Let g(d) = 7*d - 352. Calculate g(53).
19
Let u(b) = -2*b**3 + 62*b**2 - 397*b + 24. What is u(22)?
2
Let o(g) = 107*g + 11388. Calculate o(-108).
-168
Let t(h) = -h**3 - 6*h**2 + 434*h + 7. Determine t(-24).
-41
Let x(g) = g**2 - 137*g - 874. What is x(-6)?
-16
Let l(t) = 308*t + 10769. What is l(-35)?
-11
Let o(m) = -9*m**2 - 15*m + 35. Give o(2).
-31
Let a(g) = -2*g**2 - 17*g - 5. Give a(-9).
-14
Let m(q) = -820*q + 15604. Determine m(19).
24
Let q(m) = -m**3 + 6*m**2 + 4*m + 5. Give q(7).
-16
Let w(q) = -4*q**2 + 85*q + 86. Give w(-1).
-3
Let t(j) = -3*j**2 - 1061*j + 3212. What is t(3)?
2
Let m(g) = 63*g + 1864. Give m(-30).
-26
Let f(g) = -101*g**2 - 24*g + 3. Determine f(1).
-122
Let v(a) = -a**2 + 7*a + 167. What is v(-10)?
-3
Let q(j) = -3*j**3 + 66*j**2 + 222*j + 74. Determine q(25).
-1
Let a(k) = -316*k - 1865. What is a(-6)?
31
Let u(d) = 13*d**3 + 389*d**2 - 160*d - 3904. Give u(-30).
-4
Let d(a) = 11*a**3 + 7*a**2 - 11*a + 1. Calculate d(2).
95
Let l(y) = 8*y**2 + 43*y - 36. Give l(-2).
-90
Let h(z) = -z**3 - 7*z**2 + 16*z + 61. What is h(-8)?
-3
Let o(w) = w**2 + 14*w - 1242. Give o(-43).
5
Let y(h) = -h**3 - h**2 + 22*h + 41. Calculate y(-3).
-7
Let n(a) = a**3 - 218*a**2 + 437*a - 1064. Determine n(216).
16
Let w(y) = y**2 - 63*y + 481. Determine w(65).
611
Let y(h) = 235*h - 8453. Calculate y(36).
7
Let g(b) = -b**3 + b**2 + 78*b + 151. What is g(-2)?
7
Let c(o) = -228*o - 14599. Calculate c(-64).
-7
Let s(v) = -v**3 - 15*v**2 + 22*v + 100. What is s(-16)?
4
Let g(r) = 2*r**3 - 52*r**2 - 62*r + 112. Give g(27).
-104
Let s(o) = -5*o**2 + 7*o - 39. Determine s(10).
-469
Let y(g) = 5*g**3 - 58*g**2 + 28*g - 38. Determine y(10).
-558
Let f(d) = d**2 + 56*d - 13615. Determine f(-148).
1
Let q(v) = 6*v**2 - 43*v + 24. Determine q(6).
-18
Let i(r) = -r**3 + 85*r**2 - 80*r - 326. What is i(84)?
10
Let r(y) = 53*y - 133. What is r(-3)?
-292
Let h(u) = 7*u**3 - 3*u**2 - 5*u + 7. Calculate h(2).
41
Let q(k) = -174*k + 485. Calculate q(3).
-37
Let v(p) = 2*p**2 + 6*p - 1. Calculate v(-3).
-1
Let v(l) = 3*l**2 - 2. Calculate v(14).
586
Let v(k) = 4*k - 340. Determin